 1965?
15
What is the highest common divisor of 48 and 1176?
24
Calculate the greatest common divisor of 578 and 34.
34
Calculate the greatest common factor of 32 and 72.
8
Calculate the greatest common divisor of 1168 and 16.
16
What is the greatest common divisor of 100 and 125?
25
Calculate the highest common factor of 135 and 5.
5
Calculate the greatest common divisor of 105 and 405.
15
Calculate the greatest common divisor of 189 and 54.
27
What is the highest common factor of 203 and 58?
29
Calculate the highest common divisor of 16 and 42544.
16
Calculate the highest common divisor of 11 and 77.
11
What is the greatest common divisor of 7 and 217?
7
What is the greatest common factor of 7743 and 87?
87
What is the greatest common divisor of 50 and 280?
10
What is the highest common divisor of 6 and 1478?
2
Calculate the highest common factor of 16 and 848.
16
Calculate the highest common divisor of 35 and 385.
35
Calculate the greatest common factor of 44965 and 85.
85
What is the highest common divisor of 6008 and 8?
8
What is the highest common factor of 15 and 2535?
15
Calculate the highest common divisor of 48 and 3096.
24
What is the greatest common factor of 2507 and 218?
109
What is the highest common divisor of 44 and 2981?
11
What is the greatest common divisor of 172 and 1978?
86
What is the greatest common divisor of 36 and 324?
36
Calculate the highest common divisor of 44 and 7876.
44
Calculate the highest common factor of 12225 and 75.
75
Calculate the highest common factor of 99 and 55.
11
What is the highest common divisor of 21 and 12?
3
Calculate the highest common divisor of 1365 and 2379.
39
What is the highest common factor of 780 and 80?
20
Calculate the greatest common factor of 1711 and 59.
59
Calculate the greatest common factor of 7298 and 82.
82
Calculate the highest common divisor of 56 and 12.
4
Calculate the greatest common divisor of 6108 and 3.
3
What is the highest common divisor of 104 and 884?
52
What is the greatest common divisor of 286 and 550?
22
Calculate the highest common divisor of 175 and 7.
7
What is the greatest common factor of 120 and 4140?
60
What is the highest common factor of 34793 and 11?
11
Calculate the highest common factor of 93 and 39.
3
Calculate the highest common divisor of 63 and 14.
7
What is the greatest common factor of 705 and 75?
15
What is the highest common divisor of 185 and 148?
37
What is the highest common factor of 4 and 106?
2
Calculate the greatest common divisor of 10005 and 116.
29
What is the highest common divisor of 44 and 99?
11
Calculate the highest common factor of 3527 and 1.
1
Calculate the greatest common factor of 7306 and 52.
26
Calculate the greatest common factor of 153 and 119.
17
Calculate the greatest common divisor of 1174 and 2.
2
What is the highest common divisor of 25 and 15?
5
What is the highest common factor of 969 and 57?
57
What is the greatest common factor of 3794 and 98?
14
Calculate the greatest common divisor of 28 and 98.
14
What is the greatest common divisor of 33 and 5841?
33
Calculate the highest common divisor of 3625 and 125.
125
What is the greatest common factor of 76 and 12?
4
What is the greatest common factor of 40 and 15760?
40
What is the highest common divisor of 1152 and 504?
72
Calculate the highest common factor of 138 and 12.
6
Calculate the greatest common divisor of 96 and 654.
6
What is the greatest common factor of 3225 and 387?
129
Calculate the highest common factor of 72 and 126.
18
What is the highest common factor of 12 and 51?
3
What is the greatest common divisor of 51 and 2184?
3
What is the greatest common divisor of 66 and 44?
22
Calculate the highest common divisor of 1352 and 2340.
52
Calculate the greatest common factor of 59 and 531.
59
What is the greatest common divisor of 30 and 6?
6
Calculate the highest common divisor of 204 and 238.
34
What is the greatest common factor of 2 and 2227?
1
Calculate the highest common divisor of 960 and 30.
30
What is the greatest common factor of 50 and 4575?
25
Calculate the greatest common divisor of 215 and 2580.
215
What is the greatest common factor of 3791 and 17?
17
What is the greatest common divisor of 426 and 222?
6
Calculate the greatest common factor of 1356 and 24.
12
Calculate the highest common divisor of 4416 and 12.
12
Calculate the greatest common factor of 112 and 91952.
112
What is the greatest common factor of 50 and 2?
2
Calculate the greatest common factor of 25 and 10.
5
What is the highest common divisor of 1024 and 320?
64
What is the greatest common factor of 65 and 364?
13
What is the greatest common divisor of 68 and 170?
34
What is the greatest common divisor of 175 and 945?
35
Calculate the greatest common divisor of 3116 and 1216.
76
What is the greatest common divisor of 144 and 27?
9
Calculate the highest common divisor of 316 and 4.
4
What is the greatest common divisor of 1274 and 26?
26
Calculate the greatest common factor of 13 and 169.
13
What is the highest common divisor of 1570 and 30?
10
What is the greatest common factor of 1162 and 490?
14
Calculate the highest common divisor of 100 and 140.
20
Calculate the greatest common divisor of 70 and 410.
10
What is the highest common factor of 752 and 658?
94
What is the highest common factor of 24 and 2604?
12
What is the highest common divisor of 16 and 9488?
16
What is the highest common factor of 176 and 264?
88
Calculate the greatest common divisor of 14220 and 4.
4
Calculate the greatest common divisor of 459 and 17.
17
Calculate the greatest common factor of 12580 and 185.
185
What is the greatest common factor of 64 and 656?
16
Calculate the greatest common factor of 6084 and 9.
9
What is the highest common divisor of 110 and 40?
10
What is the greatest common factor of 1295 and 280?
35
Calculate the highest common divisor of 3013 and 92.
23
What is the highest common factor of 56 and 196?
28
Calculate the highest common divisor of 6988 and 4.
4
Calculate the highest common factor of 1818 and 36.
18
What is the greatest common factor of 689 and 91?
13
What is the highest common factor of 36 and 108?
36
Calculate the highest common factor of 9 and 3.
3
Calculate the highest common divisor of 309 and 39.
3
Calculate the greatest common factor of 696 and 1008.
24
Calculate the greatest common divisor of 86 and 1118.
86
What is the greatest common divisor of 378 and 210?
42
Calculate the highest common divisor of 24 and 36.
12
What is the highest common divisor of 114 and 30?
6
Calculate the greatest common divisor of 516 and 996.
12
What is the greatest common divisor of 10 and 640?
10
What is the greatest common factor of 127 and 2921?
127
Calculate the greatest common divisor of 17 and 391.
17
Calculate the greatest common factor of 7986 and 198.
66
What is the greatest common divisor of 99 and 627?
33
Calculate the greatest common divisor of 6850 and 50.
50
What is the highest common divisor of 928 and 754?
58
What is the greatest common divisor of 1056 and 33?
33
What is the greatest common factor of 171 and 27?
9
What is the highest common factor of 117 and 4173?
39
What is the greatest common factor of 2 and 1250?
2
What is the greatest common divisor of 207 and 8349?
69
Calculate the highest common divisor of 100 and 36.
4
Calculate the highest common factor of 422 and 2.
2
What is the highest common factor of 259 and 74?
37
Calculate the greatest common divisor of 30 and 1310.
10
What is the highest common factor of 155 and 62?
31
Calculate the greatest common factor of 66 and 165.
33
What is the greatest common divisor of 344 and 64?
8
Calculate the greatest common divisor of 124 and 25048.
124
Calculate the greatest common divisor of 336 and 32.
16
What is the greatest common divisor of 506 and 4094?
46
What is the highest common divisor of 20 and 245?
5
What is the highest common divisor of 891 and 33?
33
What is the highest common divisor of 145 and 319?
29
What is the greatest common factor of 4730 and 86?
86
Calculate the highest common divisor of 34 and 493.
17
What is the greatest common divisor of 76 and 95?
19
What is the greatest common factor of 4 and 508?
4
Calculate the highest common divisor of 304 and 418.
38
Calculate the greatest comm